and 5821374?
338
What is the greatest common divisor of 280360 and 22704?
344
What is the highest common divisor of 134932292 and 5192?
2596
What is the greatest common factor of 632 and 15241075?
79
What is the greatest common factor of 2431232 and 16288?
32
Calculate the highest common divisor of 3128 and 815304.
184
Calculate the highest common factor of 65439140 and 920.
460
Calculate the greatest common divisor of 1040 and 9382165.
65
Calculate the highest common divisor of 496 and 3734632.
248
What is the greatest common factor of 7616 and 2155412?
28
What is the highest common divisor of 36963967 and 782?
391
Calculate the highest common divisor of 33759 and 176049.
279
What is the highest common divisor of 4273371 and 63?
9
What is the greatest common factor of 564024 and 13902?
1986
What is the greatest common divisor of 818468330 and 1255?
1255
Calculate the highest common factor of 832239 and 7857957.
3117
Calculate the highest common factor of 1312 and 228.
4
What is the highest common factor of 15613358 and 1236?
206
What is the greatest common factor of 3687202 and 558?
62
Calculate the highest common divisor of 2670987 and 3190.
319
What is the highest common divisor of 1408 and 26243800?
88
Calculate the highest common factor of 1090588 and 2068.
188
What is the greatest common divisor of 1477 and 2446123?
211
Calculate the greatest common factor of 11961 and 368133.
1329
What is the greatest common factor of 5766 and 201350642?
1922
What is the greatest common divisor of 13275860 and 260?
260
Calculate the highest common divisor of 9420 and 1927236.
12
Calculate the highest common factor of 7153786 and 12912.
538
What is the highest common factor of 169026 and 105198?
1182
Calculate the highest common factor of 20123004 and 3.
3
What is the highest common factor of 36380 and 4483580?
340
What is the greatest common divisor of 1134 and 6624?
18
What is the highest common factor of 13103920 and 3330?
370
What is the greatest common divisor of 5249945 and 790?
395
Calculate the highest common divisor of 150996730 and 20.
10
Calculate the highest common divisor of 184036 and 79109.
331
Calculate the greatest common divisor of 726437577 and 3231.
1077
What is the highest common divisor of 55 and 1732552855?
55
Calculate the highest common divisor of 6197213 and 58.
29
Calculate the greatest common divisor of 259819539 and 1239.
1239
Calculate the highest common divisor of 101592 and 13192.
136
What is the highest common divisor of 9134454 and 2212?
1106
Calculate the greatest common factor of 126445760 and 475.
95
What is the highest common factor of 2378980 and 710?
10
Calculate the highest common factor of 167 and 48216.
1
Calculate the highest common divisor of 33040 and 26208.
112
What is the highest common divisor of 7145240 and 712?
8
Calculate the greatest common factor of 70 and 1432865.
35
What is the highest common divisor of 271415 and 95?
95
What is the greatest common divisor of 60741582 and 984?
246
What is the highest common divisor of 1718871 and 462?
231
What is the highest common factor of 1369447 and 113?
113
What is the greatest common factor of 145672 and 1576192?
1048
What is the greatest common divisor of 1752 and 548008?
8
Calculate the highest common factor of 29616 and 385625.
617
What is the highest common factor of 357000 and 280092?
204
What is the greatest common factor of 90628 and 4971196?
556
Calculate the highest common divisor of 5611 and 731631.
31
Calculate the greatest common factor of 62824456 and 4764.
1588
What is the greatest common factor of 532316 and 193238?
3646
Calculate the highest common divisor of 8346 and 95743386.
642
Calculate the greatest common factor of 1479 and 957644.
17
Calculate the highest common factor of 124 and 16849337.
31
What is the highest common divisor of 287473 and 11021?
103
What is the highest common factor of 42830736 and 2496?
624
Calculate the greatest common factor of 32238 and 48351627.
5373
Calculate the greatest common factor of 128879155 and 3805.
3805
What is the greatest common factor of 1484506170 and 597?
597
Calculate the highest common divisor of 65 and 123515730.
65
What is the greatest common divisor of 5556 and 44436?
12
What is the highest common divisor of 7380 and 139805285?
205
Calculate the greatest common divisor of 846 and 4712955.
3
Calculate the highest common divisor of 1368 and 100997046.
342
Calculate the greatest common divisor of 10511109 and 42.
21
Calculate the greatest common factor of 6688480 and 595.
85
What is the greatest common factor of 154279663 and 497?
71
Calculate the highest common divisor of 2000 and 177952.
16
What is the greatest common factor of 5415 and 122715?
15
Calculate the greatest common factor of 30596 and 101780.
4
Calculate the greatest common factor of 159 and 39896333.
53
Calculate the greatest common factor of 140 and 16807610.
10
Calculate the greatest common factor of 1624 and 749128.
232
What is the highest common factor of 2381880 and 118680?
2760
What is the highest common factor of 190084590 and 108?
54
What is the greatest common divisor of 74982128 and 143?
13
What is the greatest common divisor of 31080 and 2408784?
168
What is the highest common divisor of 17673870 and 89790?
1230
What is the highest common factor of 1161570 and 553307?
1249
Calculate the highest common divisor of 236542 and 15958.
202
What is the greatest common divisor of 82812 and 156512?
268
Calculate the highest common factor of 635328 and 3222.
18
Calculate the greatest common factor of 3561619 and 391.
391
Calculate the highest common factor of 9617830 and 725.
5
Calculate the highest common divisor of 213175288 and 137.
137
Calculate the highest common factor of 6067925 and 10637.
967
Calculate the greatest common divisor of 4658 and 336600.
34
Calculate the greatest common factor of 70 and 527422070.
70
What is the highest common factor of 662 and 37733338?
662
What is the highest common factor of 215 and 24688837?
43
What is the greatest common factor of 3356750 and 1044?
58
Calculate the greatest common divisor of 556765350 and 450.
150
Calculate the greatest common divisor of 7479168 and 416.
32
Calculate the greatest common divisor of 2907 and 7554096.
171
Calculate the highest common factor of 665468 and 133736.
292
What is the highest common divisor of 1813 and 143708?
37
Calculate the highest common divisor of 190221 and 556971.
489
What is the greatest common factor of 3228 and 247127610?
1614
What is the greatest common factor of 355702581 and 3042?
1521
What is the greatest common factor of 10479336 and 6834?
402
Calculate the greatest common divisor of 3812 and 2326273.
953
Calculate the greatest common factor of 3050488 and 40232.
376
What is the greatest common factor of 24 and 8354080?
8
Calculate the greatest common factor of 6991280 and 5680.
80
What is the greatest common divisor of 309 and 2133079221?
309
What is the greatest common divisor of 338875460 and 1232?
308
Calculate the greatest common divisor of 294064 and 1840.
16
What is the highest common divisor of 96046209 and 6426?
3213
What is the greatest common divisor of 23790 and 49?
1
What is the highest common factor of 18800 and 179200?
400
Calculate the highest common divisor of 656 and 3814230.
82
Calculate the greatest common factor of 3247 and 106196.
191
Calculate the greatest common factor of 30 and 410022.
6
Calculate the highest common factor of 451188 and 15604.
332
What is the highest common factor of 7622524 and 3612?
1204
What is the greatest common factor of 424992 and 413022?
114
Calculate the greatest common factor of 15990 and 1152840.
390
Calculate the highest common divisor of 641 and 665999.
641
Calculate the highest common factor of 2424 and 2006448.
24
What is the highest common divisor of 6847 and 30549811?
167
What is the greatest common factor of 759027 and 93?
3
What is the highest common divisor of 325528 and 2296?
56
Calculate the highest common factor of 149 and 103909471.
149
What is the highest common factor of 18 and 4411356?
6
Calculate the highest common factor of 453 and 7635919.
151
Calculate the greatest common divisor of 903595730 and 1615.
1615
Calculate the greatest common divisor of 155527776 